on factor of z and 1599?
123
Let l(z) = z**2 - 12*z + 11. Let i be l(13). Suppose -u - 4*h = 9 - 35, 0 = -3*u - 5*h + 43. What is the greatest common factor of i and u?
6
Let r = 0 + 3. Suppose 0*j + 12 = 2*j. Suppose 10*t = j*t + 12. Calculate the greatest common factor of r and t.
3
Let x = 195 + -6. Let l be -8*1*(-3)/(-4) + 27. What is the greatest common divisor of x and l?
21
Let k(l) = -l**2 - 11*l - 7. Let a = -12 - -2. Let c be k(a). Suppose 24 = 4*d - c*r, 3*d - 4*r - 29 = -2*d. Calculate the greatest common divisor of d and 9.
9
Suppose -8*l = -3*l - 2*x - 2112, 0 = -2*l + x + 844. Let s = l - 268. What is the highest common divisor of 39 and s?
39
Suppose 13*l = 17*l - 328. What is the highest common factor of 123 and l?
41
Suppose -25 - 5 = -6*y. Suppose 2*b - 4*c - 36 = 40, b = y*c + 41. Calculate the highest common divisor of 4 and b.
4
Let l(q) = 4*q**3 - 9 - 5*q**3 + 12*q**2 - q**2 + 2. Let d be l(11). Let c(i) = -2*i + 6. Let b be c(d). Calculate the highest common factor of 4 and b.
4
Let k = -27 + 202. Calculate the highest common divisor of k and 7.
7
Let h be (2156/(-10))/((-33)/165). Calculate the highest common divisor of 66 and h.
22
Suppose 255*b - 2*f = 258*b - 96, 0 = -4*b - 4*f + 132. Let h(s) = -s - 5. Let c be h(-5). Suppose y - 10 = -c*y. What is the highest common factor of y and b?
10
Suppose -119*n + 116*n + 414 = 0. What is the highest common divisor of n and 48?
6
Let g(z) = -z**3 - 67*z**2 - 125*z + 451. Let p be g(-65). Calculate the highest common factor of p and 3276.
126
Let u(k) = -k**3 + 5*k**2 + 7*k - 1. Let j be u(6). Let q be 44/14 - j/35. Let n be (5/q)/(2/42). Calculate the greatest common divisor of n and 5.
5
Let n(i) = -18*i**2 - i - i - 46 + 73*i**2 + 45. Let a be n(-1). What is the greatest common factor of a and 8?
8
Let j = -36 - -28. Let t be j/56 - (-694)/7. What is the highest common divisor of t and 11?
11
Suppose 5*m - 4*m + 319 = 3*c, 2*m - 210 = -2*c. Suppose 0 = 5*v - c - 14. Calculate the highest common factor of 4 and v.
4
Let a(v) = -3*v**3 - v - 1. Let t be a(-1). Let g be 3*(1 - t/9). Suppose -g*f = -8, 5*r + 3*f + f = 91. Calculate the highest common divisor of 30 and r.
15
Let z be ((-2112)/(7 - 1))/(2 - 3). What is the greatest common factor of z and 11?
11
Let b(k) = 9*k**2 - 36*k + 108. Let a be b(7). What is the greatest common divisor of 27 and a?
27
Let p(i) = i**3 + 9*i**2 + 8*i + 6. Let k be p(-8). Suppose -k*l + 3*l - 241 = -2*v, 4*l = 2*v - 236. Calculate the greatest common factor of v and 8.
8
Let z be 15/(2*2/(-4)). Let u be 5/(z/(-9)) - -31. Let h = 644 - 338. Calculate the highest common divisor of u and h.
34
Let j(p) = -37*p - 5. Let o be j(-6). Suppose 0 = 2*b - 743 - o. Suppose 5*n = n + b. Calculate the highest common factor of n and 15.
15
Suppose 0 = 5*d + 4 + 11. Let z be (0 + -1)*(-2 - -4). Let v be d - (-1 - (-6)/z). What is the greatest common factor of 5 and v?
1
Let f = 1 - -75. Let u = f - 68. Calculate the greatest common factor of 24 and u.
8
Let b be (-1)/(82/360 - (-9)/(-36)). What is the highest common divisor of 15 and b?
15
Let q(y) = y + 10. Let t be q(-6). Suppose t*o - 2*o = 0. Let d be 14*((o - -2) + -1). What is the greatest common divisor of d and 14?
14
Let k = -20 - -22. Suppose t = -k*t + 12. Suppose h = -t*h + 90. What is the greatest common factor of 45 and h?
9
Let q(i) = i**2 + 10*i + 10. Let n be q(-11). Let h(l) = -2*l + 33 + 27 + 24. Let b be h(0). What is the greatest common factor of b and n?
21
Suppose 5*b + 84 = 19. Let d = b + 24. Let u = 233 + -178. Calculate the highest common factor of u and d.
11
Let x be -7 + 5 + 328/(12/3). What is the highest common factor of 1760 and x?
80
Suppose 0 = 19*g - 225 - 5190. What is the highest common divisor of g and 38?
19
Let f(q) be the third derivative of -q**4/24 + 5*q**3/2 - 2*q**2. Let v be f(10). Let c = 243 + -198. What is the highest common factor of v and c?
5
Let x = 36 + 125. What is the greatest common divisor of x and 7?
7
Let i be (4/6)/(3/9). Let m = 23 - i. Suppose 3*p + 0*c - 7 = -2*c, -5*p + 5*c + 20 = 0. Calculate the highest common divisor of p and m.
3
Suppose 3*f - 5*f + 130 = 0. Suppose 3*u - 70 - f = 0. What is the highest common divisor of u and 5?
5
Suppose -2*n + 5*h = -50, -92 = -5*n + 41*h - 45*h. What is the greatest common divisor of 44 and n?
4
Let j = 8081 - 5137. What is the highest common divisor of j and 23?
23
Suppose 4*v + 210 = 7*v. Suppose 0 = -3*g - 3*m + 42, 5*g - v = 2*m + m. Calculate the greatest common factor of 2 and g.
2
Suppose 4*h + 113 - 321 = 0. What is the greatest common divisor of h and 806?
26
Let v = -16 - 41. Let t = -28 - v. Calculate the highest common factor of t and 87.
29
Let u = -1384 - -1538. Calculate the greatest common divisor of u and 132.
22
Let g(y) be the first derivative of y**3 + y**2/2 + y + 1. Let a be 5/10*-1*2. Let h be g(a). What is the greatest common divisor of 9 and h?
3
Let w = 9 + 14. Let k(d) = -d**3 + 6*d**2 + 6*d - 3. Let y be k(6). Let h = y - w. Calculate the greatest common factor of h and 50.
10
Let z = 0 + 1. Suppose 3 - z = v. Suppose -v + 8 = f. What is the greatest common divisor of f and 18?
6
Suppose 4*n - 6*n + 6 = 0. Suppose -2*c + 0*x + 15 = 5*x, -x + 3 = -2*c. Suppose 4*p - n - 9 = c. Calculate the highest common divisor of p and 9.
3
Let k(j) = 5*j**2 - 11*j + 4. Let g be k(2). Calculate the highest common factor of g and 64.
2
Suppose 1625 = -198*w + 203*w. Suppose -7*p + w = 17. What is the greatest common factor of p and 33?
11
Let x(f) = 1459*f + 29. Let l be x(1). What is the greatest common divisor of l and 31?
31
Let a(k) = k**3 - 15*k**2 + 38*k - 17. Let l be a(12). Calculate the highest common divisor of 112 and l.
7
Let y = -830 - -1379. What is the highest common divisor of 9 and y?
9
Let f = 9 - 12. Let w(x) = x**2 + 3*x. Let i be w(f). Suppose m + 2*y + 15 - 40 = 0, 4*m - 5*y - 87 = i. What is the greatest common factor of 161 and m?
23
Suppose -3*w - 3*b = -0*w + 15, -2*b = 10. Let d(j) = j**2 + 3 + w*j**2 + 8*j + 0*j**2. Let a be d(-8). What is the highest common divisor of 24 and a?
3
Suppose q = -n + 119, -1 - 4 = 5*n. Let m be (-194)/291*90/(-4). Calculate the highest common factor of q and m.
15
Let s = 707 - 672. Suppose 8 = x - 6. What is the greatest common divisor of s and x?
7
Suppose 204*y = 200*y + 260. What is the highest common divisor of 25 and y?
5
Let o be (-4)/(-6)*138/4. Suppose 110*k - 104*k = 690. What is the greatest common divisor of o and k?
23
Suppose -7*h + 1300 = 6*h. What is the highest common factor of 60 and h?
20
Let s(l) = l**2 - 30*l - 21. Let k be s(42). What is the highest common factor of 21 and k?
21
Let p(s) = s + 84. Let x be p(12). Let h = 774 + -534. What is the highest common factor of h and x?
48
Let y = 2893 + -1549. Suppose 0 = 5*v - 9*v + y. Calculate the greatest common divisor of v and 48.
48
Suppose -2*w + 7*r + 4 = 4*r, -2*w = 5*r - 20. Suppose 3*j = w*j + 5*o - 123, -4*o - 324 = -5*j. Calculate the highest common factor of 8 and j.
8
Let r be -4*(2/(-5))/((-4)/(-5)). Let v(q) = 37*q. Let m be v(r). Calculate the greatest common divisor of m and 37.
37
Let i be (-1)/(-3) - (-18)/27. Suppose -2*y + i = -y. Let u = 65 - y. Calculate the greatest common divisor of 8 and u.
8
Let q(i) = -i**3 + 7*i**2 + 12*i - 5. Let g be q(8). Suppose -17 = -3*z + 10. Calculate the greatest common factor of z and g.
9
Let s = -8 + 14. Let i(m) = m**3 + 7*m**2 - 9*m + 4. Let z be (0 + -8)*(4 + -3). Let n be i(z). What is the highest common factor of n and s?
6
Suppose 0 = -5*l + 5*o, l + 3*o - 9 = 3. Let h(v) = v**3 - 11*v**2 + 10*v + 1. Let i be h(10). Calculate the greatest common factor of i and l.
1
Suppose 0 = -2*a + 2*w + 15 + 5, 2*a - 20 = 5*w. Let u(y) = -2*y - 8. Suppose 6*v = v - 45. Let h be u(v). What is the greatest common divisor of h and a?
10
Let i(t) = t**3 - t**2 + 4*t - 14. Let s be i(8). Suppose 284 = 5*f - s. What is the highest common divisor of f and 60?
30
Suppose -2*o - 17 = -3*z, 4*z - z - 16 = o. Suppose 5*n + 192 = z*i + 3*n, -n = -3*i + 116. What is the greatest common factor of i and 5?
5
Let n(y) = y**3 - 6*y**2 - 6*y + 7. Let q be n(7). Suppose q = -3*k + 5*k. Suppose 4*z - 159 = 37. What is the grea